2 - (6 + (11 - 28) - 12)
25
What is the value of (-2 - (8 - (6 + 0 + -5))) + 2?
-7
12 + 1 + (17 - 3 - -1)
28
What is the value of 14 - 34 - -30 - 2?
8
What is the value of 43 + (-1 - 18) + -19 - -2?
7
What is the value of -10 + 1 + (155 - 174) - (-7 - 1)?
-20
Evaluate (229 - 240) + (-1 + 2 - 1).
-11
Evaluate -13 + -18 + 15 + 23.
7
Evaluate 0 - (0 + 3) - (-5 - (-2 + 3)).
3
What is the value of 5 + (4 - 4) + -4 + -42 + 61?
20
What is the value of 1 - ((-12 - 2) + 4)?
11
Calculate -7 + (5 - 10) + -3.
-15
What is the value of -9 + (10 - (-12 + 6 + 9)) - 1?
-3
What is the value of 10 - (5 - -25 - 14)?
-6
What is the value of (-5 - (3 - -3 - 3)) + -11 + 16?
-3
(8 - 0 - (-16 - (-18 - 2))) + -11
-7
What is the value of 2 + -6 + (14 - 5) + -10?
-5
Calculate (-15 - -4 - -22) + -2.
9
What is 6 - (23 - 8) - -2?
-7
Evaluate (-11 - -1) + (-6 - -2) + 10 + 6.
2
Calculate -2 + -33 + 4 + 16.
-15
Evaluate (-5 - (-12 - 0) - (1 + 25)) + 1.
-18
Calculate -1 - (-2 - (7 + -6)).
2
1 - (23 - 21 - -2)
-3
What is -8 + 56 + -30 + -19?
-1
What is the value of (-7 - (-21 - -3)) + -11?
0
37 - (17 - (12 - 12))
20
Calculate 16 - 11 - (9 + 3).
-7
What is the value of -17 + 5 + 3 + -17 + 12 - -9?
-5
What is (12 - 26 - 1) + 3 + -1?
-13
Evaluate (0 - 2) + (-6 + -28 - -36).
0
What is 8 - (3 + (0 - (-7 - -14)))?
12
Calculate 1 - 5 - ((26 - 12) + -39 - 4).
25
What is 10 - (3 - (5 + -9))?
3
Calculate (7 - ((-4 - -4) + -1)) + -3.
5
Calculate 19 - 19 - -7 - (2 - -1) - -8.
12
2 + -2 + -43 + (1 - -21)
-21
Evaluate -94 - -108 - (5 + -23 + 7).
25
Calculate 21 + -20 + -4 + 25.
22
What is the value of -27 + 11 - (-2 + 0 - (16 + -12))?
-10
Calculate (10 - 0) + (7 - 14 - (-1 - 0)).
4
Evaluate -8 + -3 + (23 + -36 - -32).
8
What is the value of -16 + 7 + -1 + -3 + 9?
-4
14 + -24 + -3 + 23
10
Evaluate -49 - (-34 + (-8 - -12 - -14)).
-33
What is the value of -31 + (15 - (-20 + -30))?
34
What is the value of 18 + 31 - (-1 + 18)?
32
Evaluate 6 + 5 - (-10 + 20).
1
What is -6 + -3 + (1 - (2 + (8 - 24)))?
6
0 + -37 + 41 + (-1 - -34)
37
Evaluate (0 + 3 - 3 - 8) + (-1 - 6).
-15
(3 - -12 - (-1 - -5)) + -9 + 14
16
What is the value of (10 + 14 - 17) + 0 + -24?
-17
3 - 18 - (-1 - (-7 + -8))
-29
Calculate (0 - ((-1 - -2) + -2)) + 8 + 3.
12
Calculate -1 + 0 + -14 + -4 + 17 + -2.
-4
Calculate (31 - 33) + -3 + 1 + 0 + -7.
-11
Evaluate -7 + 8 + -1 + 12 + 3 + 7.
22
Evaluate -51 + 34 - (1 + -2).
-16
Evaluate 26 + (-48 - (-40 - 0)).
18
What is the value of 11 + (5 - (0 + -6 + 10) - 10)?
2
Calculate 35 + -19 + -31 - -18.
3
3 + (22 - 21) - 16 - (2 - -6)
-20
What is -20 + (20 + (-24 - -12) - 10)?
-22
Evaluate -1 + 8 + (-8 - (-2 + 0)).
1
Evaluate -12 + (23 - (11 + 0)) + (1 - 13).
-12
Calculate 7 - (25 + -1 + -10).
-7
Calculate (-13 - -14 - 10) + 3 + -5.
-11
What is 30 + -26 - (-8 + -7)?
19
What is the value of -1 + 5 + 17 + -10?
11
1104 + -1126 - (-10 + 0 - 1)
-11
What is 2 - 29 - (-8 + -32)?
13
What is the value of -2 + -2 + -4 + (-27 - -70 - 41)?
-6
What is -11 - ((-2 - (-4 - -8)) + -4)?
-1
-1 + 39 - (-23 + -13 + 56)
18
Evaluate 4 - 12 - (4 - 1) - (-68 + 47).
10
What is the value of (-10 - -10) + (-4 - -3) - 36?
-37
Evaluate -1 - -4 - (-11 - -10 - (-19 + 15)).
0
1 + 25 - (14 + (8 - -3 - 33))
34
What is 0 + -16 + (-2 - -7) + 7 + 14?
10
-24 + (82 - (27 + 16))
15
What is the value of -5 - (1 - -23) - (54 - 62)?
-21
1 + 5 + 5 + -14 - (-3 - 4)
4
Evaluate -4 + (-28 - -16 - -17) + -3 + 0.
-2
Calculate 2 + (57 - 61) + -7 + 0 - 5.
-14
What is (28 - 31) + -15 + -5?
-23
Calculate (1 - (-2 - -6) - (-11 - -7)) + 3.
4
Evaluate 11 + -9 + -8 + 3 - (-19 + 0).
16
Calculate 7 + (-29 - -17 - 32).
-37
What is the value of 7 + 9 + -9 - -4?
11
What is the value of 19 - (-15 + 14 + 27)?
-7
Evaluate -23 - (32 + -24 + -24).
-7
What is the value of -13 + -2 + -12 + (81 - 44)?
10
What is the value of -1 - -5 - ((5 - 8) + -4)?
11
What is the value of -3 - ((33 - 14) + 9 - (2 + 6))?
-23
Evaluate (18 - 9) + (2 - (2 - 0 - 4)).
13
-9 + (2 - -18 - 4)
7
Calculate ((-8 - -9) + -4 - -1) + 0.
-2
Calculate 28 + (-10 - (-1 - (4 + -7))).
16
10 + (3 - 2) - (-16 - -19) - -2
10
What is the value of 0 + 7 + -3 + 6 + 4 + 1?
15
(-1 - (2 + -1) - (6 + -3)) + 2
-3
12 - (2 - -12) - (0 - -10)
-12
Calculate -38 + 15 + -8 + 40.
9
What is the value of 5 + 23 + -23 - -6?
11
What is the value of -32 - -34 - (-1 + -3)?
6
What is the value of 9 + -9 + 33 - (11 + -4 - 10)?
36
What is the value of (-13 + 8 - -5) + 10 - 2 - -11?
19
What is -18 + 20 + -30 + 9?
-19
Calculate 9 - (-3 - -26) - (0 + -2 + 1).
-13
Evaluate 15 - 34 - -32 - (-2 - -8).
7
Calculate -1 + -19 - (-2 + -21).
3
11 - (-23 + 30 - -2 - (2 - 0))
4
What is the value of (-4 - (7 - 12)) + -2 + 2 + -19?
-18
Evaluate 6 - (-6 + (9 + (0 - 8) - -8)).
3
Calculate -282 + 267 + (0 - 0) + 17.
2
Calculate -20 + -31 + 54 + 1 + -13 - 5.
-14
What is the value of (1 - 7) + (72 - 80) + 26?
12
Evaluate (-33 + 13 - -32) + -8.
4
What is the value of -6 + -11 + 8 + -9 - -15?
-3
(27 + -7 - 10) + -4
6
What is the value of (-4 - -9 - 0 - 22) + 34 + -38?
-21
Evaluate 18 + (13 - (37 + -34)).
28
What is -13 - (-5 - 4 - (-7 + 0))?
-11
Calculate (-8 - (-6 + 5)) + 0 + 8 + -12.
-11
What is the value of -27 + -1 + 8 + 8?
-12
(8 - 1) + (17 - 2) + (17 - 28)
11
What is 0 + (48 - 56 - (1 - -13))?
-22
What is the value of 7 + -4 + -4 + (-9 - -4)?
-6
What is -9 + 1 - (-9 - 13 - -4)?
10
What is the value of -15 - -50 - (-2 + -5)?
42
What is 4 + 7 + -2 + (-11 - -4)?
2
What is (27 - (6 + -8)) + -26?
3
Evaluate -9 + (-4 - (-9 + 18 + -17)).
-5
What is -1888 - -1858 - (-39 - 0)?
9
What is the value of 4 + -6 + (-78 - -102)?
22
Evaluate 0 - (0 + 2 - -6) - (31 + -30).
-9
What is 5 - -1 - 25 - -19?
0
Calculate 13 + -1 - 4 - (6 - 3 - 2).
7
Evaluate 4 + -22 - (-53 - (-6 + -16)).
13
-9 - (0 + (-8 - (-1 + (4 - 6))))
-4
What is -2 - (5 + -11 + 8 + -6)?
2
Calculate -2 - 8 - (-37 - -31) - (-1 + -13).
10
(-1 - 14) + 0 + (454 - 455)
-16
What is -7 + 3 + 11 + -11 + 6?
2
(-27 - 30) + 23 + 11
-23
What is (-22 - (-27 + 29)) + 18?
-6
Calculate 0 - (1 - 0 - 7 - -3) - 17.
-14
Evaluate -172 + 179 - (3 - -1).
3
Evaluate 1 + 1 + (-28 - (-34 + 18)).
-10
What is the value of (-2 - -14) + 1 + (8 - (18 + -8))?
11
Calculate -27 + -4 + (-14 - -18).
-27
What is (4 - -5 - -2) + -30 - (-8 - 0)?
-11
What is the value of (0 - 5) + 3 + (3 - 5) - 15?
-19
-2 - (38 - 6 - 43)
9
What is (-1 - 1) + -2 + 1 + (-346 - -342)?
-7
-472 + 449 - (-34 - 0)
11
What is -1 + -2 - (4 + (-16 - -11) - -5)?
-7
Evaluate 91 + -93 - (-2 + 11).
-11
Calculate 9 + (-1 - (3 + -4 + 3)) - -13.
19
What is -11 + 0 + 1 + 54 + 52 + -111?
-15
What is the value of -40 + 1 - (0 - 2 - 8)?
-29
Calculate 0 + 7 + (4 - (-4 + 7 + -6)).
14
-5 - ((-2 - -17) + -14)
-6
What is the value of 1 + -11 + (27 - 11)?
6
(0 - (-13 + 13)) + 2 + -6
-4
Evaluate 13 - (-11 + 9 + 11 - 1).
5
Calculate -20 + 36 + -19 + 7.
4
What is the value of -3 - -1 - ((-23 - -7) + 7)?
7
Evaluate 15 - 8 - 7 - (0 + -2 + 0).
2
What is the value of (-6 - 11 - -23) + 2 + 16?
24
What is the value of 0 + -8 + 6 + -12 - (3 - 0)?
-17
What is the value of (54 - (40 - 20)) + -11?
23
32 + -22 + 0 - (0 + -1)
11
-3 - (-9 + (-5 - -11) + 6) - -3
-3
Evaluate -1 + (2 - 6) - -8 - 12.
-9
What is 47 + -67 - (-7 - 11)?
-2
What is -1 + -7 - ((-29 - 11) + 67)?
-35
(27 - 27) + (22 - 10) + 9
21
Evaluate -16 + 1 + (183 - 168).
0
Evaluate 9 + 30 + -61 + 19.
-3
What is (20 - 36) + 15 + 4?
3
Calculate -562 + 554 + 1 + -13.
-20
What is 18 - 1 - (-187 - -213)?
-9
Evaluate (5 - 7) + (-1 - 4) - -2 - -3.
-2
What is (-1 - (-6 + 9)) + 9?
5
What is 1626 + -1656 - (0 - 22)?
-8
Calculate (0 - -2) + 7 + -7 + 3.
5
Evaluate 13 + (-30 - -4) + 13.
0
What is the value of -1 + -4 - (3 - (15 + 2 + -3))?
6
-1 + (4 - (12 + -22))
13
Evaluate (-8 - (-21 - -12)) + 0 + (-20 - 3).
-22
What is -62 - -104 - (-2 + 30)?
14
Evaluate (-6 - (-6 - 6)) + (5 + 3 - 4).
10
What is the value of (-1 - -32) + (4 - 21)?
14
Evaluate -8 + (8 - 5 - 0) + -9 + 6.
-8
Calculate 23 - (62 + 20 - 31).
-28
-2 + (6 + (8 - 17) - 4)
-9
(-2 - 10) + (3 - 7)
-16
What is 1 + -1 + (6 - 4) - (-146 - -131)?
17
-3 - 2 - (-11 + 2 + 13 + -9)
0
What is the value of 4 - (-4 + -4 + 11)?
1
Calculate (11 + 11 - 19) + 6 + -1 + 1.
9
What is the value of 7 + (-4 - 3) + -6 + 6?
0
What is -3 - (7 - -3) - -2?
-11
What is 1 - (21 + -10 + -1)?
-9
Evaluate 10 + (11 - (2 